at is the highest common divisor of y and 279?
9
Let z = -18 - -23. Suppose 18 - 53 = -5*p. Suppose 14 = 3*f + n, -n + p + 12 = 4*f. Calculate the highest common divisor of f and z.
5
Let b be 1/(-3) + 3/(-27)*(-174 + 9). Suppose -3*h = 2*w - 816, 3*w + 1250 = 6*w - 2*h. What is the greatest common factor of b and w?
18
Let u be ((-20)/26)/(-5) - (379368/(-156) - 16). Calculate the highest common factor of 32 and u.
16
Suppose -4*h - 91368 = -22*h. Suppose 5*o - h = -o. Calculate the greatest common divisor of 9 and o.
9
Let u(y) = 2*y**2 + 22*y + 545. Let x be u(-46). What is the highest common divisor of x and 15?
15
Suppose 0*b = 5*r + 5*b - 10975, 4*b + 24 = 0. Calculate the greatest common factor of 426 and r.
71
Suppose 25 = 5*w - 0. Suppose -32 = w*f - 307. Suppose 6*n + 18520 - 18442 = 0, 5*i = -5*n + 45. What is the highest common divisor of f and i?
11
Let t = 223 - 236. Let u(n) = 3*n**2 + 7*n + 9. Let d be u(t). Calculate the highest common factor of d and 50.
25
Suppose 12257 + 902 = 204*n + 2551. Let r = 3 - 4. Let m(j) = 27*j**2 + 2*j + 1. Let t be m(r). Calculate the greatest common factor of n and t.
26
Let p = -6 - -6. Suppose p = -8*n + 7*n + 25. Suppose 2*j = j + 10. Calculate the highest common factor of n and j.
5
Let s = 4134 + -3099. Calculate the highest common divisor of 405 and s.
45
Let l = -199 + 232. Let t be 12/8 + 9/6. Suppose 2*q = 3*n + 15, -2*q + 0*q - 3*n = t. Calculate the greatest common factor of l and q.
3
Suppose 0 = -21*y + 3467 + 2308. Let s = y + -25. Calculate the greatest common factor of 10 and s.
10
Let b = 7631 + -7592. What is the highest common factor of 72 and b?
3
Let s(n) = -2*n**2 - n - 1. Let m be s(0). Let u be -3 + (m - -4) + 3. Suppose -5*p = -u*p - 10. Calculate the highest common divisor of 55 and p.
5
Suppose 577*y + 800*y - 11733 - 3414 = 0. Let p(f) = -18*f**3 - f**2 - 3. Let q be p(-4). What is the highest common factor of y and q?
11
Suppose -13158 = 2*a - 31*a + 11376. Calculate the highest common divisor of a and 27.
9
Let a(u) = 23*u**2 - 29*u - 240. Let s(p) = -8*p**2 + 9*p + 80. Let l(q) = 6*a(q) + 17*s(q). Let w be l(-5). Calculate the highest common factor of w and 1275.
75
Let y(w) = w**3 + 17*w**2 + w - 93. Let h be y(-12). What is the highest common factor of 1640 and h?
205
Let s be (-1)/(24/(-100))*(-36)/(-6). What is the highest common factor of 8975 and s?
25
Let c be ((-12)/24)/(1/(-64)). Let s = c - 23. Suppose -4*b + 3*x + 97 = -26, 4*x - 34 = -2*b. Calculate the greatest common factor of s and b.
9
Suppose -2*b - 288 = 5*h, b + 0*b = 5*h - 159. Let s = -81 - b. Suppose 3*d - 7*d + s = 0. Calculate the highest common divisor of 68 and d.
17
Let u = 18659 + -18421. Let q = -4 - -11. Calculate the greatest common factor of u and q.
7
Suppose 0 = 40*g - 771 - 149. Calculate the highest common divisor of 25 and g.
1
Suppose -3*k + 481 = -3*u + 4*u, -5*u + 2444 = 2*k. Let s = u - 450. What is the highest common divisor of 440 and s?
40
Let q be ((-3060)/81)/(36/(-486)). What is the highest common factor of 170 and q?
170
Let x = -204 + 224. Suppose 36*r - 41*r = -x. Calculate the greatest common factor of r and 16.
4
Let k(t) be the first derivative of 10*t**2 - 61*t + 62. Let s be k(8). Calculate the highest common factor of 9 and s.
9
Let m(u) be the first derivative of 2*u**2 - 16*u - 36. Let r be m(7). Calculate the highest common divisor of r and 12.
12
Suppose 2*r - 85 = -5*d, -4*r - 96 = -3*d - d. Suppose -d*u + 142 + 86 = 0. What is the highest common divisor of 51 and u?
3
Suppose 3 = -5*g - 3*x + 10, 0 = -x - 1. Let s be (-17560)/(-360) + g/9. Calculate the greatest common divisor of 539 and s.
49
Let m = -1926 + 3135. What is the highest common divisor of m and 279?
93
Let t be (1 + 1)*(-140)/(-8). Let i = -741 - -1091. Suppose 0 = -10*y + 8*y + i. Calculate the greatest common factor of y and t.
35
Let x be 0 - (-90 + -1 + -2). Let c = x + 87. Suppose v - 5*v + c = 0. What is the greatest common factor of v and 9?
9
Let u = -1665 - -2050. Let s = -7 + 10. Suppose -4*w = s*w - u. Calculate the highest common factor of 5 and w.
5
Let z = -12248 + 22801. What is the highest common factor of z and 61?
61
Let m(j) = -17*j - 63. Let r be m(-4). Suppose -r*l - 5 = 0, 4*k = k - 5*l + 88. Calculate the greatest common divisor of 31 and k.
31
Suppose 4*x - 58 = 4*b - 3*b, 3*x - 41 = 2*b. Let g(k) = k**3 - 14*k**2 + 4*k - 15. Let j be g(x). What is the highest common factor of j and 10?
10
Let q be (-102)/8*((-8 - (-576)/(-27)) + 8). What is the highest common divisor of 16 and q?
16
Let l be 3*8/(-60) + (-68)/(-20). Suppose 3*y = -l*y. Let v(o) = o**2 - 3*o + 27. Let x be v(y). What is the greatest common divisor of x and 18?
9
Suppose 679*h = 661*h + 144. What is the highest common divisor of 4168 and h?
8
Let i be (-14 - -13)/(2*(-1)/10). Suppose -i - 25 = -m. What is the highest common factor of m and 480?
30
Suppose -93*h - 2450 = -5*b - 95*h, 0 = 4*b + 3*h - 1967. Calculate the greatest common factor of b and 24.
8
Let i = -3600 - -3952. Calculate the highest common factor of 484 and i.
44
Let d(i) = -4960*i + 38. Let m be d(-1). Calculate the highest common divisor of 102 and m.
102
Let v be 60/170 - 22932/(-51). What is the highest common factor of v and 27?
9
Suppose -5*d + 3*k + 9570 = 0, -3*k = -12*d + 11*d + 1914. Let x be 10/3*d/145 + -4. What is the greatest common factor of 45 and x?
5
Let p(i) = -i**2 + 13*i + 2. Let g be p(14). Let j be (g/5)/6 + 796/(-10). Let t = -55 - j. Calculate the greatest common factor of t and 175.
25
Let i(l) = -3*l**2 + 61*l - 301. Let u be i(10). What is the highest common divisor of u and 1413?
9
Let q = 1 - -45. Suppose 51*u + 5 = q*u. Let w = 20 - u. What is the greatest common divisor of w and 21?
21
Let o be (-43)/(-4 + (5 - 2)). Suppose -3*n = -o - 11. Let l(v) = 41*v**2 + 1268*v - 57. Let c be l(-31). Calculate the highest common factor of c and n.
18
Let g(f) be the third derivative of 71*f**6/120 - f**5/30 + f**3/6 - 4*f**2 + f. Let b be g(1). Calculate the highest common factor of b and 20.
10
Let i = 11902 - 10663. What is the highest common factor of i and 84?
21
Suppose 9*k - 5*k + 5*k = 21114. Calculate the highest common factor of k and 510.
102
Let u be -25 + 6*(1/2 + -1). Let t be u/21 - 4120/(-12). Calculate the greatest common factor of t and 38.
38
Suppose -4*y = -5*r + 326, -215 + 87 = -2*r + 2*y. What is the highest common divisor of r and 56?
14
Let x = 389 - 256. Suppose 2*s - 131 = x. What is the greatest common factor of 88 and s?
44
Let p be (-24)/336 - (-9033)/(-126)*-3. Calculate the greatest common divisor of 2236 and p.
43
Let b = -65 + 91. Suppose -14*z = 148 - 106. Let f be z + (b - (-3 + 6)). Calculate the greatest common divisor of f and 20.
20
Let h = 278 + 178. Suppose -12*q = -36*q + h. What is the greatest common divisor of 95 and q?
19
Let h = 55 - 150. Let f = h - -108. What is the highest common divisor of f and 130?
13
Suppose 69*x = 64*x + 5*z + 3970, 4*z = x - 776. Calculate the greatest common factor of 64 and x.
32
Suppose 2*f - f - 3*o - 90 = 0, -5*f + 515 = -2*o. Suppose -29*t + 116 + 7318 = 30*t. What is the greatest common factor of t and f?
21
Let p be (-456)/((-34)/4 + 14 + -7). Suppose -5*n - 5*h = -2*n - 53, -3*n + 5*h + 43 = 0. What is the greatest common factor of p and n?
16
Suppose 8*z - 20 = 3*z. Suppose 3*g = 428 - 434, 498 = 2*i + 3*g. Suppose s = z*s - i. Calculate the greatest common factor of s and 12.
12
Let a be 3/((-9)/(-1794)) + (3 - 3 - 4). Calculate the greatest common divisor of a and 330.
66
Let q = -25593 + 25604. Calculate the highest common factor of 13 and q.
1
Let j = 7 + -1. Let w be 18*(2/j - 0). Let a(t) = -30*t + 978. Let b be a(32). Calculate the greatest common factor of w and b.
6
Let o = 24 + -30. Let k be -2 - (5 - (-162)/o). Calculate the greatest common divisor of 100 and k.
20
Let m = 58 - 26. Let q be 56/m*4 + -4. Calculate the greatest common factor of 51 and q.
3
Let u(m) = 2*m**2 - 21*m + 35. Let k be u(14). Let a = k + -95. Let q = a + -18. Calculate the highest common factor of q and 4.
4
Suppose 0 = 3*b - 8*b - 2*i + 8636, 3*b - 5182 = -i. Suppose 41*c = 5*c + b. Calculate the greatest common factor of c and 552.
24
Supp